divisor of 68 and 52.
4
What is the highest common factor of 22 and 66?
22
What is the highest common factor of 21 and 315?
21
Calculate the highest common factor of 955 and 25.
5
Calculate the highest common factor of 737 and 201.
67
What is the highest common divisor of 845 and 65?
65
Calculate the highest common factor of 200 and 6350.
50
What is the greatest common factor of 29 and 75661?
29
What is the highest common factor of 3294 and 36?
18
What is the highest common divisor of 343 and 56?
7
What is the highest common divisor of 26 and 481?
13
Calculate the greatest common factor of 44 and 682.
22
What is the greatest common divisor of 120 and 312?
24
Calculate the greatest common divisor of 41297 and 61.
61
Calculate the highest common divisor of 8 and 106.
2
What is the highest common divisor of 728 and 455?
91
What is the highest common factor of 5 and 135?
5
What is the greatest common factor of 20 and 95?
5
What is the greatest common factor of 558 and 651?
93
Calculate the greatest common divisor of 6 and 402.
6
What is the greatest common factor of 314 and 1?
1
What is the highest common factor of 53 and 212?
53
Calculate the highest common factor of 258 and 6.
6
What is the greatest common divisor of 36 and 756?
36
Calculate the highest common factor of 55 and 3322.
11
What is the greatest common factor of 4326 and 154?
14
Calculate the greatest common factor of 56 and 805.
7
Calculate the highest common factor of 24 and 120.
24
Calculate the greatest common factor of 2072 and 74.
74
What is the greatest common divisor of 60 and 1370?
10
Calculate the highest common factor of 164 and 3649.
41
What is the greatest common factor of 14469 and 1365?
273
Calculate the greatest common divisor of 2091 and 984.
123
What is the highest common divisor of 495 and 297?
99
Calculate the highest common factor of 798 and 273.
21
Calculate the greatest common factor of 5185 and 85.
85
What is the highest common divisor of 48 and 22224?
48
What is the highest common divisor of 18 and 47826?
18
Calculate the greatest common factor of 5072 and 48.
16
What is the highest common factor of 22 and 880?
22
What is the greatest common factor of 16 and 79472?
16
What is the highest common divisor of 4848 and 12?
12
What is the highest common divisor of 4512 and 144?
48
What is the highest common factor of 4108 and 1264?
316
What is the highest common divisor of 7774 and 230?
46
What is the highest common factor of 36875 and 59?
59
What is the greatest common divisor of 3861 and 45?
9
What is the greatest common divisor of 52 and 169?
13
Calculate the greatest common factor of 20 and 6790.
10
What is the highest common divisor of 4014 and 36?
18
What is the highest common divisor of 3555 and 45?
45
Calculate the highest common factor of 102 and 4794.
102
Calculate the greatest common divisor of 245 and 147.
49
What is the highest common factor of 1352 and 24?
8
What is the greatest common divisor of 57 and 437?
19
What is the highest common factor of 7 and 1183?
7
What is the greatest common divisor of 805 and 70?
35
What is the highest common factor of 106 and 318?
106
Calculate the greatest common factor of 5510 and 665.
95
Calculate the highest common divisor of 1056 and 165.
33
Calculate the greatest common factor of 4720 and 2065.
295
Calculate the greatest common factor of 16 and 4.
4
What is the highest common divisor of 5691 and 7?
7
Calculate the greatest common factor of 14 and 931.
7
What is the highest common divisor of 6783 and 4199?
323
Calculate the greatest common divisor of 1 and 1597.
1
Calculate the highest common factor of 34 and 646.
34
Calculate the highest common divisor of 494 and 76.
38
Calculate the highest common factor of 5 and 3440.
5
What is the highest common divisor of 250 and 20?
10
What is the highest common divisor of 1425 and 2622?
57
What is the greatest common divisor of 117 and 741?
39
Calculate the highest common divisor of 1353 and 132.
33
Calculate the greatest common divisor of 88 and 88.
88
Calculate the highest common factor of 501 and 668.
167
Calculate the greatest common divisor of 114 and 1786.
38
What is the highest common divisor of 395 and 105?
5
What is the highest common divisor of 392 and 112?
56
Calculate the highest common factor of 19 and 114.
19
What is the greatest common factor of 5 and 405?
5
Calculate the greatest common divisor of 308 and 231.
77
Calculate the greatest common divisor of 20604 and 612.
204
Calculate the greatest common divisor of 15309 and 21.
21
What is the greatest common factor of 96 and 1712?
16
What is the highest common divisor of 122 and 62098?
122
What is the highest common divisor of 319 and 66?
11
What is the highest common divisor of 697 and 323?
17
What is the greatest common divisor of 9633 and 38?
19
What is the highest common divisor of 299 and 437?
23
Calculate the greatest common factor of 35 and 1190.
35
Calculate the highest common factor of 176 and 110.
22
Calculate the greatest common divisor of 86 and 430.
86
What is the highest common factor of 2149 and 21?
7
Calculate the greatest common factor of 105 and 142065.
105
Calculate the highest common divisor of 560 and 880.
80
What is the highest common divisor of 6 and 990?
6
What is the highest common divisor of 49 and 23912?
49
What is the greatest common divisor of 368 and 16?
16
Calculate the greatest common factor of 40 and 1.
1
What is the greatest common divisor of 28378 and 14?
14
Calculate the greatest common factor of 20 and 5680.
20
What is the greatest common divisor of 1554 and 42?
42
What is the greatest common divisor of 217 and 682?
31
What is the highest common factor of 108 and 300?
12
Calculate the highest common factor of 2106 and 104.
26
What is the highest common divisor of 82 and 164?
82
Calculate the greatest common divisor of 144 and 324.
36
What is the greatest common divisor of 429 and 891?
33
What is the highest common factor of 115 and 1334?
23
Calculate the greatest common divisor of 416 and 26.
26
Calculate the greatest common factor of 494 and 114.
38
What is the greatest common factor of 2961 and 42?
21
What is the greatest common divisor of 98 and 17934?
98
Calculate the greatest common divisor of 16 and 872.
8
Calculate the highest common factor of 63 and 19131.
21
Calculate the highest common factor of 36 and 92.
4
Calculate the greatest common divisor of 6227 and 13.
13
Calculate the highest common factor of 618 and 15862.
206
What is the greatest common divisor of 208 and 26?
26
What is the greatest common divisor of 10 and 10?
10
What is the greatest common divisor of 10 and 405?
5
Calculate the highest common divisor of 15 and 795.
15
Calculate the greatest common factor of 98 and 42.
14
What is the highest common factor of 736 and 96?
32
Calculate the greatest common divisor of 36 and 801.
9
Calculate the greatest common divisor of 1450 and 29.
29
Calculate the highest common factor of 84 and 700.
28
What is the greatest common divisor of 102 and 18?
6
Calculate the highest common divisor of 22 and 440.
22
What is the highest common factor of 45313 and 113?
113
What is the highest common divisor of 1599 and 130?
13
What is the highest common divisor of 189 and 2376?
27
What is the greatest common factor of 225 and 75?
75
Calculate the highest common factor of 7890 and 30.
30
Calculate the greatest common divisor of 1 and 539.
1
What is the highest common factor of 55 and 1738?
11
What is the greatest common factor of 2114 and 14?
14
What is the highest common factor of 2 and 13?
1
Calculate the highest common divisor of 1 and 182.
1
What is the highest common divisor of 194 and 86?
2
Calculate the highest common divisor of 36 and 450.
18
Calculate the greatest common divisor of 18351 and 9.
9
Calculate the highest common factor of 319 and 66.
11
Calculate the greatest common divisor of 280 and 3160.
40
What is the highest common factor of 6510 and 1890?
210
Calculate the greatest common divisor of 3713 and 1316.
47
What is the greatest common divisor of 81 and 108?
27
Calculate the highest common divisor of 1675 and 67.
67
What is the greatest common factor of 26 and 416?
26
What is the greatest common divisor of 62 and 32?
2
What is the highest common divisor o